Let p(z) = 2*z**3 - 12*z**2 + 5*z - 3. Let r(d) = 6*d**2 + 33*d + 36*d - 1 - d**3 + 3 - 72*d. Let c(x) = 2*p(x) + 5*r(x). Give c(5).
4
Let r(x) = -5*x**3 + 5*x**2 + 8*x - 34. Let o be r(5). Let i = -485 - o. Let m(a) = a - 1. Give m(i).
8
Let o(s) = s - 12. Let z(b) = -2*b**2 + 23*b - 114. Let a(h) = -12*o(h) + z(h). What is a(7)?
9
Suppose -416 = 1608*f - 1624*f. Let a(l) = -l**2 + 24*l + 53. What is a(f)?
1
Let d(f) = -1856 - 2370*f + 1814 + 2361*f. What is d(-7)?
21
Let q = -1398 - -1387. Let u(x) = x**2 + 13*x + 10. Give u(q).
-12
Suppose -26*y + 376 = 27*y + 41*y. Let b(a) = 2*a**2 + 3*a + 4. Let m(x) = -3*x**2 - 6*x - 8. Let v(j) = 7*b(j) + 4*m(j). Give v(y).
16
Let r(o) = -4*o**3 + o**2 + o - 3. Let b be (-21 + (7 - -6))*((-14)/8)/7. Give r(b).
-29
Suppose 2*z + 4*o - 16 = 0, 36*z = 41*z - 3*o - 14. Let t(n) = -28*n + 116. Give t(z).
4
Let c be (12/3)/(52/(-91)). Let x(f) = -8*f**2 - 16*f**3 - 4*f + 15*f**3 + 0*f. Give x(c).
-21
Let m(o) = -o**2 - 2*o + 3. Let y(d) = 4*d + 96. Let g be y(-23). Let f(i) = 2*i**3 - 8*i**2 + 2*i - 11. Let k be f(g). What is m(k)?
0
Let w(i) = 220*i - 38 + 223*i - 666*i + 224*i. What is w(28)?
-10
Let r(c) be the third derivative of c**5/60 + c**4/6 - 5*c**3/3 + c**2. Let q be ((-495)/(-22))/(-3*(-3)/18). Suppose 60 = -15*l - q. Calculate r(l).
11
Let u(t) be the third derivative of -1/3*t**4 + 0*t + 1/6*t**3 + 1/120*t**6 + 19*t**2 + 3 - 1/12*t**5. Calculate u(6).
-11
Let x(i) = 6415*i - 3206*i - 3210*i + 22. Determine x(13).
9
Let v(c) be the first derivative of -c**2 + 0*c - 4/3*c**3 - 54. Determine v(2).
-20
Let f(v) be the third derivative of 0 + 0*v - 113*v**2 + 1/3*v**3 + 1/60*v**5 - 1/4*v**4. What is f(7)?
9
Let o(s) = -s**2 + s + 5. Let c(z) = -5*z**3 - 4*z**2 + 8*z + 27. Let v(j) = -c(j) + 5*o(j). Give v(2).
28
Let d(h) be the third derivative of -h**5/60 - h**4/24 + 11*h**3/6 + 4856*h**2. Let p be -3*3/(-9)*-5. Calculate d(p).
-9
Let r(s) be the first derivative of -s**3/3 + 2*s**2 + 2*s + 28254. Let b = 2 - -3. Determine r(b).
-3
Suppose -8*m + 35*m + 154 = -494. Let j(r) = -r**2 - 14*r + 233. Determine j(m).
-7
Let c(t) = -1 + 3*t**2 - 4*t**2 - 1 + 8*t - 8 - 3*t. Let h = 32 + -42. Let g = 17 + h. What is c(g)?
-24
Let k(j) = -11*j**3 + 24*j**2 + 10*j - 82. Let m(a) = -8*a**3 + 16*a**2 + 7*a - 56. Let y(s) = 5*k(s) - 7*m(s). What is y(-8)?
-26
Let t(h) be the second derivative of -h**5/20 - h**4/2 + 5*h**3/3 - 9*h**2/2 + 5002*h. What is t(-7)?
-30
Let r(f) = 71*f**3 + 2*f**2 + f. Let b be (-180)/990 + (-9)/11. What is r(b)?
-70
Let w = -23801 + 23831. Let c(n) = 2*n**3 - 60*n**2 + n - 20. Calculate c(w).
10
Suppose -18 = 4*w - 2*w. Let a(n) = 3*n - 6. Let d(p) = -p + 3. Let l(o) = -2*a(o) - 5*d(o). Let r be l(w). Let g(t) = -t**3 + 7*t**2 - 5*t + 7. Calculate g(r).
13
Let i(l) = 5*l - 4. Suppose -4 = 2*w - 12. Let a(b) = w*b + 2*b - 3 + 2*b - 3*b. Let q(v) = 5*a(v) - 4*i(v). Give q(1).
6
Let d(r) = -117*r + 5. Let w(h) = 98*h - 4. Let i(k) = 5*d(k) + 6*w(k). Let b be 2/1*(1 - 5). Give i(b).
-23
Let d(p) = -4*p**2 + 6*p + 7. Let c(b) = 176*b - 4228. Let w be c(24). What is d(w)?
-81
Let a(f) be the second derivative of 7*f**4/2 - f**2/2 + 3*f - 288. Determine a(1).
41
Suppose -j = -3*s + 24, 0*j + 16 = 2*s + j. Let x(t) be the third derivative of -t**6/120 + 7*t**5/60 + 3*t**4/8 - 2*t**3/3 + 12*t**2 - t. What is x(s)?
4
Let u = 70 - 1. Let i = -67 + u. Let z(o) = o**3 - 4*o**2 + 4*o - 3. Calculate z(i).
-3
Let z(c) = -5*c - 857. Let v(t) = -2*t - 301. Let b(l) = 17*v(l) - 6*z(l). What is b(17)?
-43
Let c(a) = -29*a + 8. Let f(y) be the third derivative of -5*y**4/12 + y**3/2 + y**2. Let p = 14311 - 14294. Let j(m) = p*f(m) - 6*c(m). Give j(-5).
-17
Let p(g) = -98*g + 97*g - 46 + 11. Give p(-32).
-3
Let x = 191 + -188. Let z(a) = a**3 + 7*a**2 + 6*a - 1. Let u(g) = g**3 + 7*g**2 + 6*g - 2. Let d(c) = x*z(c) - 4*u(c). Calculate d(-5).
-15
Let y(q) = 408 - q - 200 - 203. Suppose 15*h + 11 = -79. Calculate y(h).
11
Let j(f) = 737*f + 4428. Let w be j(-6). Let y(a) = -2*a - 10. Determine y(w).
-22
Let i(w) = 3*w**2 - 20*w + 1 + 16*w - 3*w**2 - 2*w**2. Let b(o) = -2*o - 23. Let z be b(-9). Calculate i(z).
-29
Let u(a) be the second derivative of a**4/12 + 2*a**3/3 + 5*a**2 + 1793*a. What is u(-4)?
10
Let r = -302 + 298. Let x(d) be the third derivative of d**6/120 + d**5/20 - d**4/12 + d**2 + 2*d. Calculate x(r).
-8
Suppose -2*r - 4*t - 112 = 210, -2*t = -4*r - 684. Let u = r + 161. Let g(n) = -7 + 0*n - n + 0*n. Give g(u).
1
Let t(i) = -78 + 17*i - 73 - 192 + 15 - 39. Determine t(22).
7
Let p(g) be the first derivative of 4*g + 1/2*g**2 - 106. Determine p(-5).
-1
Let z(w) = -2*w**3 + 35*w**2 - 3*w + 48*w**2 + 43*w**2 - 128*w**2. Suppose -3*b - 4 = -b. What is z(b)?
14
Let f be (286/33)/((-1)/(-3)). Let j be (39/f)/((-6)/(-20)). Let a(i) = -2*i + j + 2 - 12 + 1. Give a(6).
-16
Let s(c) = 4*c - 1. Suppose 3*x - 23 = -5*k, 3*x - 24 = -4*k + 2*x. Suppose k*j = 2*j + 5. Let q be (-3 - j - -6) + -1. What is s(q)?
3
Let l(u) = 15*u**3 - 20*u**2 - 11*u - 145. Let c(s) = -13*s**3 + 18*s**2 + 11*s + 116. Let p(b) = -7*c(b) - 6*l(b). What is p(6)?
-8
Let b be -22*7/(-1232) - (-111)/8. Let d(r) be the first derivative of -5/3*r**3 - 3/2*r**2 - 1/2*r**4 + 3*r - b. Determine d(-3).
21
Suppose -2*l - 5*y - 6 = -y, -5*y - 8 = 2*l. Let z(j) be the first derivative of j**4/4 - 2*j**3/3 + j - 86. Calculate z(l).
0
Let i be (48/15)/(2 - (-27)/(-15)). Let j(l) be the first derivative of 1/2*l**2 - i + l. What is j(-2)?
-1
Suppose 0 = -20*x + 15*x - 675. Let f = -135 - x. Let n(c) = c**3 - 2. Give n(f).
-2
Let f(c) = -3*c**3 - 3*c**2 + c + 3. Let u(y) = -2 + 3 + 3768*y**2 - 3769*y**2. Let o(n) = -f(n) + 2*u(n). Calculate o(-1).
-2
Let i(u) = 2*u + 2 + 3*u**2 - u**2 - 3*u**2. Suppose 2*y + 2*w + 780 = 0, 5*y + 1958 = -2*w + w. Let c = y + 396. Determine i(c).
-6
Suppose -2*p = 0, 3*o - 59 - 91 = 4*p. Suppose 4*l = 258 + o. Suppose -75*c = -l*c + 14. Let j(x) = x**2 - 7*x - 10. Determine j(c).
-10
Let u(n) = -n**3 + 17*n**2 - 32*n + 36. Suppose -115*w = -4*l - 117*w + 50, 3*w + 90 = 5*l. Calculate u(l).
6
Suppose -31*i + 57*i - 104 = 0. Let g(v) = -4*v + 18. Determine g(i).
2
Let n = -160 + 160. Suppose 0*y - 3*y + 9 = n, 2*y = g + 10. Let j(o) = 2*o - 18. Let r(a) = a - 6. Let k(t) = 4*j(t) - 11*r(t). Determine k(g).
6
Let h(t) = -t + 15. Let b(n) = -n**2 + 32*n - 192. Let x be b(8). What is h(x)?
15
Let g(k) = -3*k**2 + 14*k + 10. Suppose -w = -3*i + 24, 1744 = 2*i - 2*w + 1720. Determine g(i).
-14
Let c(o) = 143*o + 7. Let u(d) = -44*d - 4. Let h(k) = -2*c(k) - 7*u(k). Calculate h(5).
124
Let r(j) be the third derivative of j**4/24 + 7*j**3/6 - 99*j**2. Let v(o) = -3*o**3 - 3*o**2 + 3*o + 1. Let m be v(1). Calculate r(m).
5
Let h(t) = -5200*t**2 + t**3 - 5187*t**2 + 17 + 10372*t**2. What is h(15)?
17
Suppose 0 = i - 4*i + 24. Let b(r) = -5*r**3 - r**2 + 50*r + 3. Let c(g) = g**3 - g**2 - 10*g. Let k(s) = -b(s) - 6*c(s). What is k(i)?
13
Let w(a) = -a**3 + 62*a - 158. Let x be w(3). Let d(u) = -46*u**2 + u + 1. What is d(x)?
-44
Let f = 6220 + -6222. Let l(y) = -y**3 + 3*y**2 + y + 6. Let h(n) = 3*n**3 - 6*n**2 - 2*n - 13. Let r(p) = -6*h(p) - 13*l(p). Determine r(f).
30
Suppose -y - 7 = -x, 5 - 32 = -x + 5*y. Suppose 6 = 2*a, -8 = -5*c - 4*a + 4. Let j(u) = 0*u**3 - 3*u**2 + 2 + u + c*u + 5*u**2 - u**3. Calculate j(x).
4
Let c(z) = -z**3 - 8*z**2 + 6. Let s = -6 - -58. Suppose 10*o + s = -18. Determine c(o).
-43
Let l(n) = 3*n**2 - 12*n - 23. Let g = 10606 + -10608. Determine l(g).
13
Let t(u) = -u**3 - 11*u**2 + 10*u - 16. Suppose 2*l - 79 = -3*i, -4*i - 37*l + 42*l + 90 = 0. Suppose 0 = 2*d - x + i, 5*x + 1 = -d - 6. Determine t(d).
8
Let p = 25157 + -25163. Let s = 4 - 4. Let a(z) = 5 + 6*z**2 - 4*z + z**3 + 0*z**3 - z**2 + s*z**3. Give a(p).
-7
Let x(k) be the second derivative of -11*k**4/12 - k**3/6 + 385*k + 1. Suppose w = -3*n - 2*w + 9, -3*n - 3 = -3*w. What is x(n)?
-12
Let n(c) = c**3 - 40*c**2 + 115*c - 140. Let u be n(37). Let b(y) = -20*y + 12. Let r(f) = 7*f - 4. Let x(i) = 6*b(i) + 17*r(i). Determine x(u).
-4
Let o(i) be the second derivative of -i**4/8 - i**3/6 - 37*i**2/2 - 30*i + 2. Let s(z) be the first derivative of o(z). Calculate s(1).
-4
Let k be (-169)/26 + (-1)/(-2). Let u be (k + 4)/(4/(-6))